/s*(-1)/(-2). Calculate the greatest common factor of m and r.
1
Let b(v) = -375*v**3 - 52*v**2 - 47*v + 4. Let r be b(-1). Calculate the highest common divisor of 18 and r.
2
Let i be ((-22)/6)/(2/(-12)). Suppose -3*y - 80 = -7*y. Suppose 19*p + 88 = y*p. What is the greatest common factor of i and p?
22
Let m be -35 + 29 + ((-4567)/(-4))/((-19)/(-380)). What is the highest common divisor of 37 and m?
37
Suppose 0 = -1441*j + 37861 - 22699 + 41037. Let k(r) = -r**2 - 5*r + 2. Let o be k(-5). What is the highest common divisor of j and o?
1
Suppose x - 532 = -x. Let f(m) = m**3 - 79*m**2 + 82*m - 298. Let d be f(78). Calculate the greatest common factor of x and d.
14
Suppose -4*p = -5*h + 12724 + 7338, -3*p = 2*h - 8057. Calculate the greatest common factor of h and 126.
14
Let b(s) = s**2 + 66*s + 36. Let h be b(-66). Suppose 96 = 3*o - o. Calculate the highest common divisor of h and o.
12
Let g = -14886 - -20465. Calculate the greatest common factor of 7 and g.
7
Let p be (-2)/7 + (-508)/(-14). Suppose 33 = -5*l + 48. Suppose 2*g + l*c - 13 - 2 = 0, 3 = -c. Calculate the greatest common factor of g and p.
12
Let b = 263 - 273. Let i = b - -30. Calculate the greatest common factor of i and 4.
4
Let f = -14215 + 14485. Calculate the greatest common divisor of 360 and f.
90
Let h(j) = -j**2 - 22*j - 37. Let g be (3 - 46/4)*-2. Suppose g + 3 = -q. Let f be h(q). What is the highest common factor of 24 and f?
3
Suppose -5*k - y = -1031 - 2677, 15 = 5*y. What is the highest common factor of 114 and k?
57
Let p = 126 + 88. Let r = p + -6. Calculate the highest common factor of r and 32.
16
Let m(z) = z**3 + 3*z**2 - 40*z + 12. Let t be m(11). Calculate the highest common divisor of t and 66.
6
Suppose 14*f + 74 = 15*f - v, -148 = -2*f + 3*v. Calculate the highest common factor of 144 and f.
2
Suppose y - 5*j - 1294 = 0, 1865 = 3*y - 2*j - 1991. Calculate the highest common divisor of y and 12.
12
Let w(j) = j**3 - 41*j**2 + 89*j - 289. Let b be w(39). Calculate the greatest common divisor of 63 and b.
7
Suppose -2*s + 295 = -4*p - 4063, 0 = -3*s - 4*p + 6457. What is the highest common divisor of 147 and s?
21
Suppose 4*j - 106*n = -110*n + 204, -2*j = 5*n - 129. Calculate the highest common factor of 43386 and j.
42
Let j be 3/(-2)*3/(-9)*4. Suppose 3*w - 975 = -4*s, j*s + 7*w = 3*w + 480. Calculate the greatest common factor of 6 and s.
6
Let w(u) = u**3 - 8*u**2 - 4*u - 10. Let g be 13 + (1 + 1)*-2. Let h be w(g). Let c = -85 + 90. What is the highest common factor of h and c?
5
Suppose 5*o - 201 = -o + 3*z, 0 = -4*z + 4. What is the highest common divisor of o and 4743?
17
Suppose 2*q - 3*g = 46, -5*q + 3*g = -71 - 35. Let p(c) = 15*c**2 + 12 - q*c - c**3 + 3 - 3. Let s be p(13). What is the greatest common factor of 225 and s?
45
Let k be (-4 + 12)*4/4. Suppose 4*x - 25 = 151. Calculate the greatest common divisor of k and x.
4
Let l(t) = t**3 - 11*t**2 - 13*t + 13. Let z = 33 + -21. Let o be l(z). Calculate the greatest common factor of o and 9.
1
Let y = 191 - 156. Suppose 40*s - 80 = y*s. Calculate the greatest common divisor of 152 and s.
8
Let m = 76 - -80. Suppose 0 = -f + 3*j + m, -2*j - 3*j + 124 = f. Calculate the highest common divisor of 16 and f.
16
Let y(c) = 7*c**3 - 15*c**2 + 5. Let o be y(3). Calculate the highest common factor of 295 and o.
59
Let j be 4 + (195 + -3 - -3). Suppose u + 69 = j. What is the greatest common divisor of u and 52?
26
Let q = 23839 - 23729. Let x be 1/(-2) - (-90)/4. What is the highest common factor of x and q?
22
Suppose -266*a + 49824 + 157394 = 50810. Let y(r) = r**3 + 7*r**2 + 4*r - 2. Let c be y(-5). What is the greatest common factor of a and c?
28
Let q be 15/(-18)*-2 + 94/30*25. Suppose -64 = 2*w - w. Let u = w + q. Calculate the greatest common divisor of u and 112.
16
Let t be (-712)/(-36) - 6/(-27). Suppose -t*u + 313 + 387 = 0. What is the greatest common divisor of 35 and u?
35
Suppose 3*i = -4*p - 504 + 1473, -4*p - 5*i + 975 = 0. Calculate the highest common factor of p and 624.
48
Suppose -228*p - 1756 = -255*p + 2375. What is the greatest common divisor of p and 5559?
51
Suppose -4*f = -3*q - 91, 0*f = 4*f + 3*q - 61. Let l = f - 29. Let s be 49/2 + 5/l. What is the greatest common factor of 12 and s?
12
Let f(t) = 10*t + 16. Let x be f(-3). Let a(u) = -16*u - 187. Let g be a(x). What is the greatest common divisor of g and 74?
37
Suppose 176*t = 169*t + 329. Let b(p) = -3 - 3*p**2 + p + 5*p**2 + 0*p - 3*p**3 + 18*p**3. Let u be b(3). Calculate the highest common divisor of t and u.
47
Let u be (-54)/(-2)*(101 + -74). What is the highest common divisor of 45 and u?
9
Let x = 16 + -92. Let t = -4 - x. What is the highest common factor of 8 and t?
8
Suppose w - 10 = -8. Let c = w - 0. Let n be ((-32)/(-5))/((-16)/10 + c). What is the highest common factor of 4 and n?
4
Suppose -5*z + 0*k + 4207 = 3*k, -z + 4*k + 823 = 0. Let w = z + -405. What is the greatest common factor of w and 124?
62
Suppose -13880 = -12*r - 3836. Let d be -5 + 2 + 35 - 5. Calculate the greatest common factor of r and d.
27
Let z(o) = -o**3 + 15*o**2 - 4*o + 67. Let j be z(15). Suppose -1904 = -10*u - j*u. Calculate the highest common factor of 32 and u.
16
Let a = 7 + -3. Suppose -6*q = -7*q + 1, 0 = 5*x + q - 11. Suppose x + 22 = a*u. What is the highest common factor of u and 48?
6
Let z be (148/(-12) + -1)*51. Let w be 2/(-3) - (z/(-15))/(-2). Let s = -13 + 35. Calculate the greatest common divisor of s and w.
22
Suppose 2*n - 69 = 5. Suppose x + 5*t + 14 - n = 0, -3*x - 3*t + 21 = 0. Let l be ((-15)/(-10))/(x/20). What is the greatest common divisor of l and 15?
5
Let c = -374 + 391. Suppose 1582 = c*n + 358. Let r be (-27)/2*8/(-6). What is the greatest common factor of n and r?
18
Let n(i) = 127*i**2 - 1. Let t be n(1). Suppose -10*s + 112 + 28 = 0. What is the highest common factor of t and s?
14
Let i(j) = 2*j**3 - 93*j**2 - 32*j - 105. Let h be i(47). Calculate the greatest common factor of 160 and h.
40
Let k = 28777 + -28627. Calculate the greatest common factor of 675 and k.
75
Let d(w) be the third derivative of -w**5/60 - 7*w**4/6 + 11*w**3 - 2*w**2 + 5*w. Let q be d(-28). What is the greatest common divisor of 42 and q?
6
Let z(o) = 13*o**3 - 101*o**2 + 2*o - 16. Let v be z(8). Calculate the greatest common factor of v and 1416.
24
Suppose -398*r - 32 = -415*r + 1039. Calculate the highest common factor of 672 and r.
21
Suppose -i + 8676 = -119*u + 121*u, 2*u - 34668 = -4*i. Calculate the greatest common divisor of 24 and i.
24
Let v be 6/(-9) - 26/(-3). Let u be 2/v - (-382)/8. Suppose -5*g = 2*l - 8*g - 6, g = -l + 8. Calculate the highest common factor of u and l.
6
Suppose 4*l = -2*d + 116, l - 250 = -4*d - l. Suppose d = 18*b - 8. What is the greatest common factor of 164 and b?
4
Let u be (99/22)/(2/156) + 30/(-5). Calculate the highest common divisor of u and 46.
23
Suppose -80*w - 63*w + 1324 = -11689. What is the highest common factor of 224 and w?
7
Suppose 0 = -8*d + 1922 + 1206. Suppose -4*b - 4*g + 316 = 0, -d = -5*b - g - 2*g. What is the highest common divisor of b and 66?
11
Suppose 309*p + 291*p - 972000 = 0. What is the greatest common divisor of p and 1161?
27
Suppose 9 = -3*z + 54. Suppose -q + 3*q + 12 = 0. Let x be 1 - ((-2301)/z - q/15). What is the greatest common divisor of 22 and x?
22
Suppose 0 = 4*p - 38 + 22. Suppose -2*j + 2 = -a, -p*a + 34 = a + j. What is the greatest common factor of a and 54?
6
Let g(l) = 15*l**2 - 989*l + 109. Let r be g(78). Calculate the greatest common divisor of 164 and r.
41
Let h be (-3)/4 + 3 + 51/4. Suppose 0 = -5*o + h - 5. Let r be 1/(-2)*(o + 82*-1). What is the greatest common divisor of 20 and r?
20
Let q = -569 + 594. Suppose q*y = -0*y + 44700. Calculate the greatest common divisor of y and 12.
12
Let n = 893 + -407. Let r = 530 - n. What is the highest common divisor of r and 4?
4
Let g = -2335 - -2650. Calculate the highest common factor of g and 504.
63
Suppose 4*j - 72 = -4*p, -6 = -0*p + 2*p. Let h = j - 7. Suppose -3*l + 3*z = -318, l - 5*z + 254 = 3*l. Calculate the highest common divisor of l and h.
14
Let k(s) = 2*s**2 - 127*s - 855. Let x be k(72). What is the greatest common factor of x and 18?
9
Suppose -12 = -60